{"id":73,"date":"2025-12-30T16:22:27","date_gmt":"2025-12-30T16:22:27","guid":{"rendered":"https:\/\/www.bysomme.com\/?page_id=73"},"modified":"2026-01-25T20:23:55","modified_gmt":"2026-01-25T20:23:55","slug":"reservations","status":"publish","type":"page","link":"https:\/\/www.bysomme.com\/index.php\/reservations\/","title":{"rendered":"Tarifs"},"content":{"rendered":"\n<p>(mis \u00e0 jour le 01\/01\/26) <\/p>\n\n\n\n<p><mark style=\"background-color:rgba(0, 0, 0, 0)\" class=\"has-inline-color has-black-color\"><strong>Basse saison<\/strong>  <\/mark><\/p>\n\n\n\n<p>(du 1er octobre au 28\/29 f\u00e9vrier)<\/p>\n\n\n\n<ul class=\"wp-block-list\">\n<li>Du dimanche au vendredi : \u00e0 partir de 90 \u20ac la nuit<\/li>\n\n\n\n<li>Le samedi : \u00e0 partir de 120 \u20ac la nuit<\/li>\n<\/ul>\n\n\n\n<p><strong>Haute saison<\/strong><\/p>\n\n\n\n<p>(du 1er mars au 30 septembre)<\/p>\n\n\n\n<ul class=\"wp-block-list\">\n<li>Du dimanche au vendredi : \u00e0 partir de 100 \u20ac la nuit<\/li>\n\n\n\n<li>Le samedi : \u00e0 partir de 130 \u20ac la nuit<\/li>\n<\/ul>\n\n\n\n<p><strong>Informations importantes<\/strong><\/p>\n\n\n\n<ul class=\"wp-block-list\">\n<li><strong>Les tarifs indiqu\u00e9s s\u2019entendent hors veilles de jours f\u00e9ri\u00e9s, jours f\u00e9ri\u00e9s et dates sp\u00e9ciales.<\/strong><\/li>\n\n\n\n<li><strong>Tarifs indiqu\u00e9s pour 2 personnes. Suppl\u00e9ment de 15\u20ac par nuit pour chaque personne suppl\u00e9mentaire (gratuit pour les enfants de moins de 4 ans)<\/strong><\/li>\n\n\n\n<li><strong>Les tarifs peuvent \u00eatre ajust\u00e9s lors d\u2019\u00e9v\u00e9nements particuliers ou de p\u00e9riodes exceptionnelles.<\/strong><\/li>\n\n\n\n<li><strong>Tarif d\u00e9gressif \u00e0 partir de la 3eme nuit cons\u00e9cutive (nous consulter)<\/strong><\/li>\n<\/ul>\n\n\n\n<p>Pour conna\u00eetre le tarif exact selon vos dates, n\u2019h\u00e9sitez pas \u00e0 nous contacter ( voir page <a href=\"https:\/\/www.bysomme.com\/index.php\/contact\/\" data-type=\"page\" data-id=\"11\">\u00ab\u00a0Nous contacter\u00a0\u00bb<\/a>)<\/p>\n\n\n\n<p><strong>Les Tarifs incluent:<\/strong><\/p>\n\n\n\n<ul class=\"wp-block-list\">\n<li>l&rsquo;acc\u00e9s aux logement, aux \u00e9quipement ainsi qu&rsquo;a l&rsquo;espace spa privatif en illimit\u00e9<\/li>\n\n\n\n<li>La fourniture des draps et linge de toilette  (lits faits \u00e0 votre arriv\u00e9e) et des peignoirs<\/li>\n\n\n\n<li>le Forfait m\u00e9nage et entretien du spa<\/li>\n\n\n\n<li>Produits d&rsquo;accueil ( dosette caf\u00e9 Senseo, sucre, th\u00e9, petites bouteilles d&rsquo;eau, shampoing, s\u00e8che cheveux <\/li>\n<\/ul>\n\n\n\n<p><strong>Ne sont pas incluent:<\/strong><\/p>\n\n\n\n<ul class=\"wp-block-list\">\n<li>Les taxes de s\u00e9jour : 2.5 \u20ac \/ nuit \/ personne adulte<\/li>\n\n\n\n<li>Les repas ( formule \u00ab\u00a0<strong>petit d\u00e9jeuner\u00a0\u00bb en option sous conditions<\/strong>)<\/li>\n<\/ul>\n\n\n\n<p><\/p>\n\n\n\n<p><\/p>\n\n\n\n<p><\/p>\n\n\n\n<p><\/p>\n\n\n\n<p><\/p>\n","protected":false},"excerpt":{"rendered":"<p>(mis \u00e0 jour le 01\/01\/26) Basse saison (du 1er octobre au 28\/29 f\u00e9vrier) Haute saison (du 1er mars au 30 septembre) Informations importantes Pour conna\u00eetre le tarif exact selon vos dates, n\u2019h\u00e9sitez pas \u00e0 nous contacter ( voir page \u00ab\u00a0Nous contacter\u00a0\u00bb) Les Tarifs incluent: Ne sont pas incluent:<\/p>\n","protected":false},"author":1,"featured_media":0,"parent":0,"menu_order":0,"comment_status":"closed","ping_status":"closed","template":"","meta":{"footnotes":""},"class_list":["post-73","page","type-page","status-publish","hentry"],"_links":{"self":[{"href":"https:\/\/www.bysomme.com\/index.php\/wp-json\/wp\/v2\/pages\/73","targetHints":{"allow":["GET"]}}],"collection":[{"href":"https:\/\/www.bysomme.com\/index.php\/wp-json\/wp\/v2\/pages"}],"about":[{"href":"https:\/\/www.bysomme.com\/index.php\/wp-json\/wp\/v2\/types\/page"}],"author":[{"embeddable":true,"href":"https:\/\/www.bysomme.com\/index.php\/wp-json\/wp\/v2\/users\/1"}],"replies":[{"embeddable":true,"href":"https:\/\/www.bysomme.com\/index.php\/wp-json\/wp\/v2\/comments?post=73"}],"version-history":[{"count":5,"href":"https:\/\/www.bysomme.com\/index.php\/wp-json\/wp\/v2\/pages\/73\/revisions"}],"predecessor-version":[{"id":176,"href":"https:\/\/www.bysomme.com\/index.php\/wp-json\/wp\/v2\/pages\/73\/revisions\/176"}],"wp:attachment":[{"href":"https:\/\/www.bysomme.com\/index.php\/wp-json\/wp\/v2\/media?parent=73"}],"curies":[{"name":"wp","href":"https:\/\/api.w.org\/{rel}","templated":true}]}}